35))?
-10
What is the value of (-5 - (-13 - 6)) + -22?
-8
Evaluate 6 - (2 + -2 + 3 + -2 + 0).
5
(8 - (-16 - -27)) + -13
-16
What is -19 - -12 - (-3 + -1 + -13 + 3)?
7
What is (-95 - -101 - (32 + -1 - 2)) + 5?
-18
What is the value of -125 + 117 - (-3 - (-1 - 1))?
-7
What is the value of -5 + 12 - (4 + -4)?
7
What is the value of 18 + (0 - -2 - 5) - 28?
-13
Evaluate (5 - 9) + (6 - (14 + -1)).
-11
Evaluate -1 + -1 - (-16 + 80 - 80).
14
36 + -29 + -1 + (-8 - -2) - -12
12
Evaluate 16 - (11 + 1 + 6).
-2
(-9 - -9) + -4 - (41 - 27)
-18
Evaluate -11 - (-9 - 24 - -17).
5
What is 3 - (4 + (-11 - -7)) - (-2 + 0)?
5
What is the value of (54 - 63) + (22 - 6)?
7
(12 + -16 - (0 + -5)) + (-1 - 9)
-9
-39 - (-19 - 18) - -5
3
What is (57 - (91 + -33)) + 0 + -11?
-12
Evaluate -13 + 5 + 7 + -13.
-14
Calculate -5 - -4 - 19 - (-113 + 108).
-15
What is 5 + 0 - (25 - (-29 + 34 - -24))?
9
Calculate (-5 - -28) + -39 + -3.
-19
Evaluate (1 - 15) + -5 + (3 - -3) + 1.
-12
What is the value of (-22 + 1 - -13) + 4 + (-1 - -3)?
-2
What is (11 - 8 - -1) + (22 - 19)?
7
Calculate (10 + -1 - -3) + 78 + -70.
20
Calculate -18 + 8 - -32 - (-20 + 9).
33
Calculate 2 - (-3 - -4) - (-2 + 4 + 4).
-5
Evaluate 43 - 31 - 32 - -21.
1
Evaluate 17 + -3 + (41 + -34 - 10).
11
-26 - (2 + (-4 + -19 - -9))
-14
What is the value of 3 + -31 + 18 - -23?
13
What is the value of 24 + 0 + 2 + -5 + 0?
21
129 + -127 + (10 - 3)
9
What is -19 - (10 - 51 - -19)?
3
Calculate 9 - (-20 - -31 - (7 - 5)).
0
What is the value of 9 - (2 + (-23 - -38))?
-8
Calculate (1 - (-12 + 9)) + 0 + 8.
12
-6 + 4 - (-33 - -33)
-2
Calculate 1 - (2 + (-2 - (-2 - 9)) + -26).
16
Calculate -6 + (-16 + 8 - -5) + 7.
-2
What is the value of 0 + (13 - 0 - 21)?
-8
What is the value of -4 + -5 + (-6 - -7) + 0 - 2?
-10
Calculate (29 - -1) + 12 - 5 - 10.
27
Evaluate 10 + (0 - 3) + (124 - 119).
12
Evaluate (23 + -41 - (-5 + -9)) + 30.
26
7 + 1 + -23 + 0 - (1 - 3)
-13
Calculate (1 - 12) + (21 - (-45 + (21 - 1))).
35
Evaluate 12 + -6 + (5 - -3) + 0.
14
What is the value of 28 - (22 + -51 + 21)?
36
What is 7 + (15 - 18) + (-3 - 1)?
0
Evaluate 107 + -58 + -25 + (0 + -2 - 4).
18
Calculate -8 + -1 - (45 + -48) - (-2 + 1).
-5
Evaluate 9 - 46 - -45 - -19.
27
What is -5 + 9 + -10 - (-3 - -1)?
-4
What is the value of 6 + (1 - 5) + -23 + 32?
11
What is (-2 + -5 + 11 - 2) + (9 - 26)?
-15
Calculate -8 - (-13 + (12 - 8)).
1
14 + -10 + (-12 - 4 - 0) + -6
-18
What is (-27 - (15 + -33)) + -1 + -5?
-15
Calculate (9 - 0) + (10 - (-32 + 69)).
-18
Calculate (-2 - -2) + (23 - 26 - 10).
-13
What is (-3 - 4 - -1) + (-4 - (-18 + -4))?
12
Evaluate (-1 - 7) + 11 - (-9 - 5).
17
-4 + 24 - (6 - -4)
10
What is the value of 29 + (43 - 97) + 2?
-23
What is (66 - 38) + (-3 - 5)?
20
Calculate 11 + -6 + (14 - 1) + -15.
3
Evaluate 8 + -22 + (5 - 5 - 4).
-18
Evaluate 24 - -12 - (51 + -39).
24
Calculate -72 - -77 - (-3 - 12 - -1) - 6.
13
What is 23 + (-8 + 13 - 13)?
15
(30 - 44) + (32 - 2) + 8
24
What is 35 + (-20 - -7) - 13?
9
Evaluate -2 + 3 - -1 - (6 + 5 + -11).
2
Calculate -5 + 7 + 5 + (-1 - (0 - -2)).
4
Calculate 18 + (2 - (-15 + 59)).
-24
What is the value of 4 + 1 - (7 + -2) - -4?
4
-5 + -1 - (-46 - -34) - 20
-14
What is (-2 - -2) + (8 - 6) - (11 + -16)?
7
What is -10 + (-21 + 17 - -11)?
-3
What is 41 + -14 + 9 + -5 + -6?
25
Calculate -5 + -5 + -22 + 7 + 9.
-16
(5 - ((8 - 2) + 6 + 0)) + -2
-9
Calculate -16 - (6 + -3 + 10 + 3 + -14).
-18
What is the value of 1 - (-9 + -4 + -5 + -1 - 5)?
25
1 + 1 + (-1 + 23 - 25)
-1
What is (3 - (11 + -4)) + (0 - -2) + 15?
13
What is -23 - (-2 - -1) - (10 + 44 - 61)?
-15
Evaluate (3 - (7 + (-6 - 3))) + -8.
-3
Evaluate 82 + -23 + -26 + 2 + -2.
33
What is the value of -16 + (-3 - (-6 + -4)) + -4?
-13
-19 - (5 - 11) - -24
11
Evaluate -3 + 8 + -11 + 0 + -1.
-7
Evaluate (3 - 13) + 39 + -20 + 1.
10
What is the value of -4 + (10 - 6) + -2 + -2 - -2?
-2
Calculate 12 - -20 - 19 - 12.
1
What is (-1 - 11) + 12 + 4?
4
What is the value of 2 + (-9 - (-19 + -6)) - -6?
24
What is 26 - (-47 + 11 - -61)?
1
Calculate -2 + -2 + (227 - 223).
0
Calculate -20 - ((-1 - 3) + (-43 - (-42 - 6))).
-21
What is the value of (-21 - 1) + (-24 - (10 - 47))?
-9
Evaluate 6 - ((-11 - -23) + -17 - (1 - 4)).
8
0 - (8 + (-20 - (-2 - 9)))
1
What is -4 - (4 + (42 - 59))?
9
Calculate -53 + 24 + (-24 - -17).
-36
-19 - ((-18 - -8) + -19)
10
What is the value of 213 + -207 + (0 - (0 + 3)) + -7?
-4
Calculate (-31 - -2) + 2 + (33 + 6 - 32).
-20
Evaluate -27 - -52 - 63 - -20.
-18
What is the value of -9 - (37 + -39 + (0 - 4 - -5))?
-8
What is 3 - 1 - (9 - 0) - (-156 - -146)?
3
What is the value of (-20 - (-4 + 8)) + 13?
-11
-11 + -24 + 19 + -12
-28
Evaluate -1 - (-6 - 1) - (-10 + 17).
-1
Evaluate (-23 + -13 - -19) + 8.
-9
0 + 1 - 13 - (661 + -661)
-12
What is the value of 8 + (3 - (-22 + 14)) + 2?
21
What is the value of 10 + (2 - (5 + -6 - (-12 + 16)))?
17
Evaluate -2 + (-25 - -1) + 20 + 1 + -14.
-19
Evaluate -11 + (2 - (0 - (18 + -9 - 2))).
-2
What is -3 - ((6 - 37 - -39) + 8 + 1)?
-20
Calculate (-14 - (-10 + (-4 - 2))) + (-19 - -1).
-16
What is 6 + (3 - -10) - (-8 + 18)?
9
Calculate (7 - (8 - (7 - 1))) + (-1 - 0).
4
Evaluate 1 + -2 + 8 + -4 + -6 - -4.
1
What is the value of 14 + -8 + (-6 - (-5 + -7)) + 2?
14
Calculate -8 + (8 - (-18 - (-15 + 2 + 4))).
9
What is 30 + (-46 - (-32 + 48))?
-32
What is the value of 15 + (-14 - (-5 - -8))?
-2
Calculate -8 + (-3 - 7 - -26).
8
What is the value of -15 - (-12 + (3 - 12))?
6
What is the value of 1 - (-6 + -14 + 7 + 9 + 3)?
2
What is the value of -1 + -14 + -23 - -5?
-33
What is (7 - 0) + (-3 - (-1 + -1)) - -2?
8
Calculate 2 + -2 + 2 - (-37 - -48).
-9
-19 - (2 + (-5 - (-3 - -7 - 7)))
-19
What is the value of (2 - 6) + -4 + (1 - -1) + 0?
-6
What is -108 - -88 - (-28 - -6)?
2
Calculate 40 + -36 + -2 + 4 - 7.
-1
Calculate 11 + (-5 - 5) + 2 + 5 + -4.
4
0 - (10 + -9) - 12
-13
-6 - (53 + -40 - 12)
-7
What is 0 + 2 + 69 + -59 + 5?
17
What is -1100 + 1066 - (-17 + -1)?
-16
Evaluate 141 - 151 - (16 - 0).
-26
What is the value of 6 + (1 - 3) + 10 + -1 + -4?
9
Evaluate (-8 - -2) + -1 + 15.
8
What is the value of -3 - (157 + -157 - (10 - -1))?
8
Evaluate 1 + 28 + (9 - (11 + (-7 - -14))).
20
Calculate (-8 - (-22 - 7)) + -1 + -7.
13
16 - ((-11 - -32) + 19)
-24
What is the value of (-7 - (-4 + 2)) + 7 - (20 + -5)?
-13
Evaluate 0 + -4 - 3 - (-4 + 15 + -5).
-13
What is the value of 4 - (1 + -6 - -22 - (10 - 11))?
-14
Evaluate 4 - (10 + -2 + -1).
-3
Calculate (17 - (19 + -12)) + (-2 - -10).
18
Calculate -18 - (-29 + 18) - (-3 - -23).
-27
What is -6 - -2 - (-7 + 1 + 2 + 2)?
-2
Calculate -2 + 29 + -35 + 1 + 14.
7
13 + 12 + -34 + 3 + (42 - -1)
37
(-3 - ((0 - 7) + 10)) + 0 - 18
-24
What is -2 - ((3 - -1) + (-3 - (2 - -2)))?
1
What is the value of -98 + 76 - (2 + 0)?
-24
50 + -39 + 9 + -42
-22
(5 + 0 - (-132 - -138)) + 2
1
Evaluate (-1 - -4) + (39 - 38) + 10.
14
What is (-2 - 1) + -4 + -2 + (-4 - -7)?
-6
What is (-4 - 5) + -5 + 10 + -6?
-10
What is -9 + 68 + -54 - (8 - 0)?
-3
-43 + 76 - (20 - 1)
14
What is the value of -10 - (-9 + -1 + -3 + 11)?
-8
Evaluate (-1 - 3) + 15 + (0 - -3) + -20.
-6
Evaluate -1 + (-20 - (-12 - -9)).
-18
Evaluate 280 + -285 - (0 + -5 + 0).
0
What is 0 + 1 - (21 + -15 + -10)?
5
What is 2 + (-14 - -16) + 0 + 1 + 6?
11
What is 17 + (20 - 1) + -20?
16
What is (-55 - -9) + (116 - 86)?
-16
What is the value of -1 + -9 - (-13 + (-8 - -9) + 8)?
-6
Calculate 29 + (3 - (0 + 7)).
25
Evaluate 4 - (11 + -1 + -8).
2
Calculate 26 + -28 + (25 - 32).
-9
What is 21 + 11 - 27 - 38?
-33
What is the value of (37 - 29) + -21 + 2 - (0 + -4)?
-7
Calculate (0 + -2 - 0) + -201 + 101 + 96.
-6
Calculate 21 - (3 + 4 + -6 - -7) - -3.
16
(50 - 36) + -10 + (3 - -18) + -1
24
What is (22 + -55 - -22) + -1 + -1?
-13
Calculate -7 + 27 - 48 - -9.
-19
Evaluate 11 + -2 + -4 + -1.
4
What is the value of 0 + -7 + 10 + (-1 - (2 - 0))?
0
Calculate 8 - (-5 - (6 - 27)) - 0.
-8
What is the value of (1 - (0 + 0)) + 149 + (83 - 272)?
-39
Evaluate -8 - (-4 + 13 + -27) - 5.
5
What is the value of 14 + 0 + (3 - 7)?
10
What is the value of (6 - (-7 - -16)) + 9 + 7 + -12?
1
Calculate (11 - -22) + -26 - -11.
18
Evaluate (-15 - 2) + 38 - (11 - (1 - 0)).
11
What is (-17 - -22) + (-2 - -4)?
7
What is the value of -3 + -14 + (-1 - -3) + (36 - 33)?
-12
What is -2 + -10 - (0 + (7 - 14)) - -7?
2
2 + -